{"id":235,"date":"2018-09-08T19:11:13","date_gmt":"2018-09-08T22:11:13","guid":{"rendered":"https:\/\/rrgconsultores.com.br\/?page_id=235"},"modified":"2018-09-08T20:10:54","modified_gmt":"2018-09-08T23:10:54","slug":"sistema-de-qualidade","status":"publish","type":"page","link":"https:\/\/rrgconsultores.com.br\/index.php\/servicos\/sistema-de-qualidade\/","title":{"rendered":"Sistema de Qualidade"},"content":{"rendered":"\t\t<div class=\"elementor elementor-235\">\n\t\t\t<div class=\"elementor-inner\">\n\t\t\t\t<div class=\"elementor-section-wrap\">\n\t\t\t\t\t\t\t<section data-id=\"f7d9ed0\" class=\"elementor-element elementor-element-f7d9ed0 elementor-section-boxed elementor-section-height-default elementor-section-height-default elementor-section elementor-top-section\" data-element_type=\"section\">\n\t\t\t\t\t\t<div class=\"elementor-container elementor-column-gap-default\">\n\t\t\t\t<div class=\"elementor-row\">\n\t\t\t\t<div data-id=\"236aeea\" class=\"elementor-element elementor-element-236aeea elementor-column elementor-col-100 elementor-top-column\" data-element_type=\"column\">\n\t\t\t<div class=\"elementor-column-wrap elementor-element-populated\">\n\t\t\t\t\t<div class=\"elementor-widget-wrap\">\n\t\t\t\t<div data-id=\"df2fd12\" class=\"elementor-element elementor-element-df2fd12 elementor-widget elementor-widget-heading\" data-element_type=\"heading.default\">\n\t\t\t\t<div class=\"elementor-widget-container\">\n\t\t\t<h3 class=\"elementor-heading-title elementor-size-default\">O que \u00e9 o sistema de gest\u00e3o da qualidade e o porqu\u00ea implanta-lo?\u200b<\/h3>\t\t<\/div>\n\t\t\t\t<\/div>\n\t\t\t\t\t\t<\/div>\n\t\t\t<\/div>\n\t\t<\/div>\n\t\t\t\t\t\t<\/div>\n\t\t\t<\/div>\n\t\t<\/section>\n\t\t\t\t<section data-id=\"cd3884b\" class=\"elementor-element elementor-element-cd3884b elementor-section-boxed elementor-section-height-default elementor-section-height-default elementor-section elementor-top-section\" data-element_type=\"section\">\n\t\t\t\t\t\t<div class=\"elementor-container elementor-column-gap-default\">\n\t\t\t\t<div class=\"elementor-row\">\n\t\t\t\t<div data-id=\"3741410\" class=\"elementor-element elementor-element-3741410 elementor-column elementor-col-100 elementor-top-column\" data-element_type=\"column\">\n\t\t\t<div class=\"elementor-column-wrap elementor-element-populated\">\n\t\t\t\t\t<div class=\"elementor-widget-wrap\">\n\t\t\t\t<section data-id=\"f6dc5ad\" class=\"elementor-element elementor-element-f6dc5ad elementor-section-boxed elementor-section-height-default elementor-section-height-default elementor-section elementor-inner-section\" data-element_type=\"section\">\n\t\t\t\t\t\t<div class=\"elementor-container elementor-column-gap-default\">\n\t\t\t\t<div class=\"elementor-row\">\n\t\t\t\t<div data-id=\"09a24af\" class=\"elementor-element elementor-element-09a24af elementor-column elementor-col-50 elementor-inner-column\" data-element_type=\"column\">\n\t\t\t<div class=\"elementor-column-wrap elementor-element-populated\">\n\t\t\t\t\t<div class=\"elementor-widget-wrap\">\n\t\t\t\t<div data-id=\"cd6d30c\" class=\"elementor-element elementor-element-cd6d30c elementor-widget elementor-widget-text-editor\" data-element_type=\"text-editor.default\">\n\t\t\t\t<div class=\"elementor-widget-container\">\n\t\t\t\t\t<div class=\"elementor-text-editor elementor-clearfix\"><div>\u00a0<\/div><div><div data-id=\"4a15c0e\" data-element_type=\"text-editor.default\" data-model-cid=\"c31\"><div>\u00a0<\/div><div><div data-elementor-setting-key=\"editor\" data-elementor-inline-editing-toolbar=\"advanced\"><p>Sistema de gest\u00e3o da qualidade visa o melhoramento do processo produtivo ou de servi\u00e7o padronizando suas etapas e com isso conhecendo seus custos e suas defici\u00eancias do processo para gerar mais competitividade no mercado e alcan\u00e7ar o crescimento do neg\u00f3cio.<\/p><p style=\"text-align: center;\">\u00a0<\/p><\/div><\/div><\/div><\/div><\/div>\n\t\t\t\t<\/div>\n\t\t\t\t<\/div>\n\t\t\t\t\t\t<\/div>\n\t\t\t<\/div>\n\t\t<\/div>\n\t\t\t\t<div data-id=\"f4f0612\" class=\"elementor-element elementor-element-f4f0612 elementor-column elementor-col-50 elementor-inner-column\" data-element_type=\"column\">\n\t\t\t<div class=\"elementor-column-wrap elementor-element-populated\">\n\t\t\t\t\t<div class=\"elementor-widget-wrap\">\n\t\t\t\t<div data-id=\"5df34ce\" class=\"elementor-element elementor-element-5df34ce elementor-widget elementor-widget-image-carousel\" data-settings=\"{&quot;slides_to_show&quot;:&quot;1&quot;,&quot;navigation&quot;:&quot;none&quot;,&quot;pause_on_hover&quot;:&quot;yes&quot;,&quot;autoplay&quot;:&quot;yes&quot;,&quot;autoplay_speed&quot;:5000,&quot;infinite&quot;:&quot;yes&quot;,&quot;effect&quot;:&quot;slide&quot;,&quot;speed&quot;:500,&quot;direction&quot;:&quot;ltr&quot;}\" data-element_type=\"image-carousel.default\">\n\t\t\t\t<div class=\"elementor-widget-container\">\n\t\t\t\t\t<div class=\"elementor-image-carousel-wrapper elementor-slick-slider\" dir=\"ltr\">\n\t\t\t<div class=\"elementor-image-carousel\">\n\t\t\t\t<div class=\"slick-slide\"><figure class=\"slick-slide-inner\"><img class=\"slick-slide-image\" src=\"https:\/\/rrgconsultores.com.br\/wp-content\/uploads\/2018\/09\/qualidade3-150x150.jpeg\" alt=\"qualidade3\" \/><\/figure><\/div><div class=\"slick-slide\"><figure class=\"slick-slide-inner\"><img class=\"slick-slide-image\" src=\"https:\/\/rrgconsultores.com.br\/wp-content\/uploads\/2018\/09\/qualidade-150x150.png\" alt=\"qualidade\" \/><\/figure><\/div><div class=\"slick-slide\"><figure class=\"slick-slide-inner\"><img class=\"slick-slide-image\" src=\"https:\/\/rrgconsultores.com.br\/wp-content\/uploads\/2018\/09\/qualidade2-150x150.jpg\" alt=\"qualidade2\" \/><\/figure><\/div><div class=\"slick-slide\"><figure class=\"slick-slide-inner\"><img class=\"slick-slide-image\" src=\"https:\/\/rrgconsultores.com.br\/wp-content\/uploads\/2018\/09\/qualidade4-150x150.jpg\" alt=\"qualidade4\" \/><\/figure><\/div>\t\t\t<\/div>\n\t\t<\/div>\n\t\t\t\t<\/div>\n\t\t\t\t<\/div>\n\t\t\t\t\t\t<\/div>\n\t\t\t<\/div>\n\t\t<\/div>\n\t\t\t\t\t\t<\/div>\n\t\t\t<\/div>\n\t\t<\/section>\n\t\t\t\t<div data-id=\"53bb492\" class=\"elementor-element elementor-element-53bb492 elementor-widget elementor-widget-heading\" data-element_type=\"heading.default\">\n\t\t\t\t<div class=\"elementor-widget-container\">\n\t\t\t<h2 class=\"elementor-heading-title elementor-size-default\">ABNT NBR ISO 9001:2015<\/h2>\t\t<\/div>\n\t\t\t\t<\/div>\n\t\t\t\t<div data-id=\"b6ad608\" class=\"elementor-element elementor-element-b6ad608 elementor-widget elementor-widget-text-editor\" data-element_type=\"text-editor.default\">\n\t\t\t\t<div class=\"elementor-widget-container\">\n\t\t\t\t\t<div class=\"elementor-text-editor elementor-clearfix\"><p>Esta norma faz parte do conjunto de normas designado ISO 9000 e pode ser implementada por organiza\u00e7\u00f5es de qualquer tamanho, independentemente da sua \u00e1rea de atividade.<\/p><\/div>\n\t\t\t\t<\/div>\n\t\t\t\t<\/div>\n\t\t\t\t<div data-id=\"8462e6a\" class=\"elementor-element elementor-element-8462e6a elementor-widget elementor-widget-text-editor\" data-element_type=\"text-editor.default\">\n\t\t\t\t<div class=\"elementor-widget-container\">\n\t\t\t\t\t<div class=\"elementor-text-editor elementor-clearfix\"><p>O sistema da qualidade proporciona um melhor:<\/p><\/div>\n\t\t\t\t<\/div>\n\t\t\t\t<\/div>\n\t\t\t\t<section data-id=\"51c4e48\" class=\"elementor-element elementor-element-51c4e48 elementor-section-boxed elementor-section-height-default elementor-section-height-default elementor-section elementor-inner-section\" data-element_type=\"section\">\n\t\t\t\t\t\t<div class=\"elementor-container elementor-column-gap-default\">\n\t\t\t\t<div class=\"elementor-row\">\n\t\t\t\t<div data-id=\"7bbcf2d\" class=\"elementor-element elementor-element-7bbcf2d elementor-column elementor-col-50 elementor-inner-column\" data-element_type=\"column\">\n\t\t\t<div class=\"elementor-column-wrap\">\n\t\t\t\t\t<div class=\"elementor-widget-wrap\">\n\t\t\t\t\t\t<\/div>\n\t\t\t<\/div>\n\t\t<\/div>\n\t\t\t\t<div data-id=\"286f068\" class=\"elementor-element elementor-element-286f068 elementor-column elementor-col-50 elementor-inner-column\" data-element_type=\"column\">\n\t\t\t<div class=\"elementor-column-wrap elementor-element-populated\">\n\t\t\t\t\t<div class=\"elementor-widget-wrap\">\n\t\t\t\t<div data-id=\"8db7e0b\" class=\"elementor-element elementor-element-8db7e0b elementor-widget elementor-widget-text-editor\" data-element_type=\"text-editor.default\">\n\t\t\t\t<div class=\"elementor-widget-container\">\n\t\t\t\t\t<div class=\"elementor-text-editor elementor-clearfix\"><p class=\"yiv2221182762m-7776139184615586424gmail-msonormal\"><strong>Foco no cliente<\/strong>\u00a0<\/p><p><strong>Lideran\u00e7a<\/strong><\/p><p class=\"yiv2221182762m-7776139184615586424gmail-msonormal\"><strong>Engajamento das pessoas<\/strong>\u00a0<\/p><p class=\"yiv2221182762m-7776139184615586424gmail-msonormal\"><strong>Abordagem de processo e Sistem\u00e1tica para a gest\u00e3o<\/strong><\/p><p class=\"yiv2221182762m-7776139184615586424gmail-msonormal\"><strong>Melhoria cont\u00ednua do processo<\/strong><\/p><p class=\"yiv2221182762m-7776139184615586424gmail-msonormal\"><strong>Tomada de decis\u00e3o baseada em evid\u00eancia<\/strong>\u00a0<\/p><p class=\"yiv2221182762m-7776139184615586424gmail-msonormal\"><strong>Gest\u00e3o de relacionamento com os fornecedores<\/strong><\/p><\/div>\n\t\t\t\t<\/div>\n\t\t\t\t<\/div>\n\t\t\t\t\t\t<\/div>\n\t\t\t<\/div>\n\t\t<\/div>\n\t\t\t\t\t\t<\/div>\n\t\t\t<\/div>\n\t\t<\/section>\n\t\t\t\t<div data-id=\"13a6a7b\" class=\"elementor-element elementor-element-13a6a7b elementor-widget elementor-widget-heading\" data-element_type=\"heading.default\">\n\t\t\t\t<div class=\"elementor-widget-container\">\n\t\t\t<h2 class=\"elementor-heading-title elementor-size-default\">Como Implantar<\/h2>\t\t<\/div>\n\t\t\t\t<\/div>\n\t\t\t\t<div data-id=\"a28d05d\" class=\"elementor-element elementor-element-a28d05d elementor-widget elementor-widget-text-editor\" data-element_type=\"text-editor.default\">\n\t\t\t\t<div class=\"elementor-widget-container\">\n\t\t\t\t\t<div class=\"elementor-text-editor elementor-clearfix\"><p>A implanta\u00e7\u00e3o do <strong>Sistema de Gest\u00e3o da Qualidade<\/strong>, oferece uma quebra de paradigmas dentro da organiza\u00e7\u00e3o, consolida os processos e departamentos trazendo conceitos como Melhoria Cont\u00ednua, indicadores, Cliente Interno, Pesquisa de Satisfa\u00e7\u00e3o, entre outros.<\/p><p><a href=\"https:\/\/rrgconsultores.com.br\/index.php\/contato\/\">Consulte-nos<\/a> e veja como podemos auxiliar a implanta\u00e7\u00e3o do sistema na sua organiza\u00e7\u00e3o<\/p><\/div>\n\t\t\t\t<\/div>\n\t\t\t\t<\/div>\n\t\t\t\t\t\t<\/div>\n\t\t\t<\/div>\n\t\t<\/div>\n\t\t\t\t\t\t<\/div>\n\t\t\t<\/div>\n\t\t<\/section>\n\t\t\t\t\t\t<\/div>\n\t\t\t<\/div>\n\t\t<\/div>\n\t\t","protected":false},"excerpt":{"rendered":"<p>O que \u00e9 o sistema de gest\u00e3o da qualidade e o porqu\u00ea implanta-lo?\u200b \u00a0\u00a0 Sistema de gest\u00e3o da qualidade visa o melhoramento do processo produtivo ou de servi\u00e7o padronizando suas etapas e com isso conhecendo seus custos e suas defici\u00eancias do processo para gerar mais competitividade no mercado e alcan\u00e7ar o crescimento do neg\u00f3cio. \u00a0 [&hellip;]<\/p>\n","protected":false},"author":1,"featured_media":0,"parent":2,"menu_order":1,"comment_status":"closed","ping_status":"closed","template":"","meta":[],"_links":{"self":[{"href":"https:\/\/rrgconsultores.com.br\/index.php\/wp-json\/wp\/v2\/pages\/235"}],"collection":[{"href":"https:\/\/rrgconsultores.com.br\/index.php\/wp-json\/wp\/v2\/pages"}],"about":[{"href":"https:\/\/rrgconsultores.com.br\/index.php\/wp-json\/wp\/v2\/types\/page"}],"author":[{"embeddable":true,"href":"https:\/\/rrgconsultores.com.br\/index.php\/wp-json\/wp\/v2\/users\/1"}],"replies":[{"embeddable":true,"href":"https:\/\/rrgconsultores.com.br\/index.php\/wp-json\/wp\/v2\/comments?post=235"}],"version-history":[{"count":7,"href":"https:\/\/rrgconsultores.com.br\/index.php\/wp-json\/wp\/v2\/pages\/235\/revisions"}],"predecessor-version":[{"id":250,"href":"https:\/\/rrgconsultores.com.br\/index.php\/wp-json\/wp\/v2\/pages\/235\/revisions\/250"}],"up":[{"embeddable":true,"href":"https:\/\/rrgconsultores.com.br\/index.php\/wp-json\/wp\/v2\/pages\/2"}],"wp:attachment":[{"href":"https:\/\/rrgconsultores.com.br\/index.php\/wp-json\/wp\/v2\/media?parent=235"}],"curies":[{"name":"wp","href":"https:\/\/api.w.org\/{rel}","templated":true}]}}